 26).
12
What is the value of 17 + (12 - (-9 + 23))?
15
Evaluate -49 - (-2 - 14) - -54.
21
Evaluate 18 + -1 + -321 + 312 - (23 + 0).
-15
What is the value of (-10 + 37 - 40) + 25?
12
What is the value of 34 + -10 - (-2 + 9 + 5)?
12
(-16 - 0 - (-33 - -17)) + -13
-13
-20 - (-13 + 1 - (76 - 83))
-15
-4 - (-21 + (-3 - (9 + -14 - 4)))
11
What is -1 - (-14 + 21 - (-2 + 1))?
-9
What is the value of -12 - (-5 - -1 - (-36 - -37))?
-7
Calculate -13 + (-2 + 9 - (-4 + 6)) + 5.
-3
What is the value of -9 + (11 + (-6 - -8) - 6) + -10?
-12
What is the value of (-5 - (3 - 10)) + (-19 - 4 - -11)?
-10
What is the value of 6 + 0 + -7 + (32 - 9)?
22
Calculate -1 + (2 - -21) - -4.
26
What is the value of -8 + (29 - 8) + (0 - 6)?
7
Evaluate -10 - -64 - (25 - -5).
24
Calculate (16 - (-8 + 11)) + -9.
4
What is -21 + 7 + -5 + -5 + 0 + 7?
-17
37 - ((21 - 19) + 22)
13
Evaluate (0 - (-62 - -53)) + (-1 - -1) + -21.
-12
Calculate 5 + -1 + 27 + -60 + 15.
-14
What is 0 + (-7 - -12 - -6)?
11
-7 + 1 + 7 - (5 + (-5 - -2))
-1
-3 + -7 - ((1 - -12) + -13)
-10
What is the value of (13 - -5 - 1) + -14?
3
Evaluate (-18 - (1 - 23)) + (-2 - -5) - 29.
-22
What is -23 + 3 + (-14 - ((-16 - -4) + -3))?
-19
-1 + -5 + -9 + 8
-7
38 + 10 + (33 - 56)
25
What is 16 + 24 + -49 - 2?
-11
Evaluate -1 - (-13 + -5 - -24).
-7
What is the value of -1 - ((-2 - (1 + -7)) + 3)?
-8
What is the value of ((-34 - -11) + 17 - 8) + 16?
2
What is -6 - (-6 - (-1 + -14))?
-15
What is the value of (225 - 217) + 0 + 7?
15
Calculate 27 - (-15 - -14) - 16.
12
Calculate (-4 - 3 - 7) + 12.
-2
Calculate -13 + 14 + 54 - 19.
36
Calculate -7 - -14 - (21 + -8).
-6
Evaluate (-18 - 20 - -2) + 25.
-11
What is the value of 7 + 14 - (35 + -19)?
5
Calculate -5 + (-3 - (-5 + 1)) - 7.
-11
What is 100 + -122 - (-1 + 1 - 5 - 3)?
-14
What is -8 - (0 - 2 - -1 - (143 + -156))?
-20
Calculate 2 + 0 + 0 - (27 + 7 + -8).
-24
Calculate -15 - (-2 + -1) - (92 - 93).
-11
What is the value of -106 - -88 - (-2 + -5)?
-11
What is the value of (8 - 7) + -5 + (-6 - -4 - -18)?
12
-31 + -5 + 30 - (-15 + 2)
7
0 + 44 - (75 - 55)
24
What is the value of -316 - -342 - (26 + -1)?
1
Calculate -28 + 23 - (2 + 12 + -30).
11
5 + (-18 - -9) + 7
3
Evaluate -3 + -12 + 5 + -1.
-11
What is -11 + -1 + 21 + (4 - 15) - 9?
-11
What is (-59 - -63) + (0 - 7) - -7?
4
What is 24 + -31 + -4 - (4 + (1 - 5))?
-11
What is -4 + (0 - (28 + -29))?
-3
Calculate 0 + -21 + (-26 - (-64 - -15)) + -31.
-29
(1 - 11) + 1 - (-1 + -16)
8
What is (-12 - 2) + 23 + -2 + -14?
-7
Evaluate -15 + 8 + 12 - (0 + (3 - -7)).
-5
Calculate 1 - -9 - 5 - (6 - 5) - 13.
-9
What is 11 - (4 - 3) - (36 + (3 - -4))?
-33
Calculate -24 - 2 - (6 + -38).
6
What is the value of 2 - -2 - (-3 + -1 + 15)?
-7
Calculate 25 - (3 + 32 + -19).
9
(1 - (0 + (9 - 2))) + 846 + -837
3
What is 8 - (7 + -8 + 15)?
-6
(-19 - -10) + (3 + 5 - 1)
-2
Calculate 12 - (-59 + 68 + (1 - 3)).
5
What is the value of -194 + 208 - (6 - (1 + -1))?
8
What is the value of -30 - (11 - 47 - -4)?
2
10 + -5 + 9 - (-2 - -5)
11
(107 - 104) + -14 + 1 + -1
-11
-5 - (4 - (-51 + 56 - (1 - 1)))
-4
Calculate (0 - (-32 + 37)) + -10 + 1.
-14
Calculate -17 + 11 + (5 - 6) + 5.
-2
(17 - 8) + -14 + 11
6
What is -14 + (-18 - -9 - 0 - -13)?
-10
What is the value of -3 + (-1 - -14) - (3 - (-15 + 7))?
-1
-9 + 12 + (-1 - -2) + -6
-2
What is the value of 16 - ((7 - 17) + 20)?
6
What is -22 + (18 - 17) - -12?
-9
27 - (3 - (18 + -32))
10
What is the value of 12 + (-11 - -24 - 8) + -41?
-24
What is 38 + -32 - (3 - 1 - 2 - 2)?
8
What is the value of 12 - ((1 + -8 - (7 + -14)) + 3)?
9
-2 - (-1 + -3 - -17 - 8)
-7
What is the value of (0 - (-3 + (2 - -5))) + -5?
-9
(3 - 7) + 3 - (-20 + (17 - -5))
-3
What is -7 + (-2 + 2 - 6 - -4 - -6)?
-3
Evaluate 0 + -8 + (97 - 77) + (-2 - -8).
18
Evaluate (-6 - 32) + (193 - 140).
15
Evaluate 8 + (-2 - 4) + 3 + -1 + 9.
13
Calculate 32 + 1 - (-27 - (24 + -59)).
25
Calculate (110 - 110) + (-4 - (3 - -3 - 2)).
-8
What is the value of 11 + -18 - 6 - -12?
-1
What is the value of -25 - (1 + -8 - -4 - (13 - 24))?
-33
Evaluate 26 + -4 - 22 - (-5 - -1).
4
-6 - 1 - (83 - (52 - -29))
-9
-11 + (-7 + -1 - (-7 + (3 - 1)))
-14
What is -8 + (-8 - -2 - (-2 + -16)) - 29?
-25
-5 - ((1 - 5) + (-7 - -3))
3
What is (23 - -4 - 9) + -60 + 68?
26
What is the value of (-9 - -1 - (4 - 5)) + (58 - 63)?
-12
(7 - (12 - 4)) + (3 - 1) + -16
-15
Calculate (15 + (-3 - 5) - (-1 - -6)) + -7.
-5
Evaluate 2 + 1 - (39 + -4 + -26).
-6
Calculate (3 - (-5 + (3 - -4) + -8)) + -4.
5
Calculate 757 + -737 - (-2 - -17).
5
1 + -2 - -9 - (-92 - -183 - 61)
-22
Evaluate 4 - (-6 - 1 - (-41 - -24)) - 1.
-7
16 - 29 - (-7 + 4 - -5)
-15
Calculate -10 + 1 + 3 - 10.
-16
What is 107 + -95 + (2 - 12)?
2
(3 - (0 + 2)) + -2 + (-1 - 23)
-25
Evaluate 3 + 5 - (0 - 1 - (-6 - -7)).
10
What is the value of (-10 - 1) + 1 - (0 + 4 - 1)?
-13
Evaluate (-5 - (-3 - 1) - 7) + 50 + -43.
-1
What is the value of 30 + 2 + -44 + 39 + -12?
15
Calculate (2 - (5 - 0)) + (3 + -10 - 4).
-14
Calculate 13 - (-11 + 24 + -33) - (1 + 3).
29
What is the value of -6 + 35 + 1 + (-40 - -24) + 8?
22
What is the value of (-11 - (-2 - 14)) + 2?
7
Evaluate 1 + (7 - 2) + -21 + 5 + 7.
-3
What is 9 + 1 + -3 + -23 + 2 + 15?
1
Calculate -13 + 12 + 10 + 4.
13
What is the value of -2 - (-3 - 1) - (-1336 - -1326)?
12
Calculate -6 - (11 + (-4 - (4 + -3)) - -2).
-14
What is the value of 21 - (5 + 20) - (-12 + 0)?
8
Evaluate -13 - (1 - -3 - (1 + 21 - 13)).
-8
What is -1 + (-22 - (24 - 42)) + (-33 - 1)?
-39
Calculate 12 - (-4 - -20) - (-6 + 1 + 0).
1
What is the value of (5 + -12 - -5) + 5 + 3?
6
What is 3 + (5 - (-7 + 11))?
4
What is the value of (-54 - -63) + 0 + -15?
-6
What is the value of -4 - (7 + -12) - -1 - -2 - -5?
9
What is 8 - 6 - 0 - (5 + 1) - -4?
0
What is the value of -10 - (-19 + -1 + 95 + -102)?
17
-2 - -32 - (173 + -155)
12
Calculate 9 - (1 + 13 + (-15 - 8)).
18
What is -27 + (38 - 14 - 8)?
-11
Evaluate (6 - ((-4 - -7) + -4)) + (2 - 2).
7
Evaluate -10 + 33 - (-4 - 0 - 0).
27
What is -1 + 8 + -6 - -2 - -6 - -4?
13
What is (5 - 4) + -7 - -7 - (-3 + 15)?
-11
What is the value of -8 - (-36 + 2 + 9 + -6 + 4)?
19
-44 + (-1 - -23 - -3)
-19
3 + -5 + 6 + -5 - -6 - -4
9
Calculate 11 + (8 + -4 - 12) + 2 + 3.
8
Evaluate -21 - (-1 - 7) - -24.
11
What is the value of -1 + 20 + (-21 - -4)?
2
What is (-1 - -11) + -3 + (21 + -8 - 29)?
-9
What is the value of 93 - 91 - (6 - 1)?
-3
Evaluate -6 - (-16 + 21 + -1 + -11 - 2).
3
13 - (-14 + 43 + -2)
-14
What is 90 + -76 - (0 + 26)?
-12
Evaluate (-27 - (-21 - -28)) + 59.
25
What is -24 + (-18 + 9 - -6) + 9?
-18
Calculate 0 + -6 - (-7 - (12 + -25) - 38).
26
What is -37 - (16 - 49) - 18?
-22
Evaluate (2 - 3) + 2 + (4 - 4).
1
What is (-8 + 21 - 6) + -1 + -15 + 9?
0
Calculate 11 - 0 - 0 - (-44 + (31 - -13)).
11
-3 - ((29 - 32) + (1 - -5))
-6
-8 + 1 + (25 + -10 + 1 - 4)
5
Evaluate (2 + -12 - -11) + (1 - 4) + 4.
2
Evaluate (-21 - -3) + 30 + -10.
2
(28 - (24 - 9)) + -4
9
Evaluate 5 + -2 + -8 - -11 - 10.
-4
Calculate 11 + -1 + (9 + -29 - -22).
12
Evaluate (17 - 2) + -105 + 87.
-3
What is -3 + -2 + (19 + -11 - 26)?
-23
Calculate 12 + 14 + -37 + -14 - 4.
-29
Calculate 4 + -41 - -25 - 16.
-28
What is 9 + 11 + (-9 - 22) - -9?
-2
Calculate -8 + 20 + -13 - -13.
12
(0 - -4) + (-2 - 11)
-9
What is the value of (55 - 57) + (0 + 0 - (-16 - -20))?
-6
-14 + -3 + 5 + -1 + 7
-6
Calculate -2 + 11 + 3 + -3 - (-560 + 583).
-14
Evaluate 44 - (-44 - (-158 + 36)).
-34
What is 19 + -39 - (-10 - -4)?
-14
Evaluate 854 + -853 - (0 + 0 + -2).
3
Calculate 3 + 0 + -23 - -18.
-2
-8 - ((-3 - (9 - 21)) + -11)
-6
What is 32 - (-9 + 9 + 6 + 5)?
21
Evaluate -15 + -7 + 3 + (7 - 0 - 1).
-13
What is 6 + 1 + -14 + 7 + -19 + 0?
-19
What is -35 + 6 + -19 + 22?
-26
Calculate (-8 - (7 - 2 - 9)) + 11 - 5.
2
-13 + -2 + 25 + -13
-3
What is the value of -4 + 0 + (2 - 0) + -51 + 52?
-1
Evaluate -2 + -3 - (-1 - 1) - (-3 + 12).
-12
Calculate (-4 - -7) + -2 - (4 - 8) - -4.
9
Evaluate -643 + 640 - (0 + (-1 - 20)).
18
Calculate (2 - -1) + 0 + (-1 - 1) + 4.
5
17 + (6 + 0 - 8 - 2) + 1
14
Calculate (-2 - -2) + -3 - (17 - 8).
-12
Calculate -1 + -1 + -981 + 961.
-22
Calculate -9 + 0 + 49 + -21.
19
Evaluate 7 + 4 + -13 + 19 + -2.
15
What is 28 + (-75 - -27) - -43?
23
-8 + -1 + 6 + (-7 - (28 - 7))
-31
Evaluate (-3 - -11) + -2 + 5 + -28.
-17
4 + (12 - -7 - 8 - (0 + 4))
11